 - 130. What is z(-6)?
8
Let a(x) = 2*x**2 + 11*x + 8. Determine a(-8).
48
Let z(w) = -4*w**2 - 10*w - 3. Calculate z(-2).
1
Let t(r) = 4*r + 19. Calculate t(-6).
-5
Let r(b) = -b + 26. Determine r(8).
18
Let k(o) = o + 9. Determine k(-1).
8
Let g(j) = -2*j - 4. What is g(-9)?
14
Let j(t) = t**3 - 8*t**2 + 8*t + 32. Calculate j(6).
8
Let i(b) = b - 2. Give i(-14).
-16
Let w(s) = 4*s**2 - 3*s - 12. Give w(-3).
33
Let p(m) = -m - 23. Calculate p(0).
-23
Let m(j) = 6*j**2 + j + 3. What is m(2)?
29
Let c(o) = o + 46. What is c(0)?
46
Let r(k) = -k**3 - 7*k**2 - 6*k - 14. Determine r(-7).
28
Let u(x) = -x**3 - 21*x**2 - 53*x + 22. Calculate u(-18).
4
Let b(t) = 26*t - 35. What is b(-3)?
-113
Let c(h) = 3*h**3 - 56*h**2 - 15*h - 73. Calculate c(19).
3
Let g(d) = -d**2 + 18*d + 27. Calculate g(16).
59
Let g(k) = 2*k**2 + 14*k + 5. Determine g(-6).
-7
Let d(r) = -r**3 - 3*r**2 + 5*r - 1. What is d(-5)?
24
Let q(z) = -z**3 + 7*z**2 - 7*z + 9. What is q(7)?
-40
Let h(j) = j**2 - 4. Give h(4).
12
Let d(p) = p**3 + 6*p**2 - 9*p - 7. Determine d(-7).
7
Let f(o) = -o**3 + 2*o**2 + 3*o + 4. Give f(4).
-16
Let w(j) = 17*j + 10. Determine w(-3).
-41
Let s(j) = -2*j - 17. What is s(-8)?
-1
Let v(i) = -i**3 - 10*i**2 - 18*i - 12. What is v(-8)?
4
Let o(u) = -u**2 - 6*u - 6. Give o(-4).
2
Let t(f) = -10*f + 83. What is t(14)?
-57
Let c(r) = -r**3 - 36*r**2 + 118*r + 31. Determine c(-39).
-8
Let y(z) = 57*z - 169. What is y(3)?
2
Let v(h) = h**3 + 7*h**2 + 13*h + 14. Determine v(-5).
-1
Let b(s) = s**2 + 11*s + 3. Determine b(0).
3
Let k(d) = d**3 + 4*d**2 - 2*d + 23. Determine k(-4).
31
Let t(u) = 5*u**2 + 48*u + 22. Give t(-9).
-5
Let r(m) = -m**2 + 24*m + 16. Determine r(24).
16
Let w(s) = -s**3 - 32*s**2 - 9. Calculate w(-32).
-9
Let a(y) = -y - 18. Determine a(-21).
3
Let b(r) = -3*r + 10. What is b(-3)?
19
Let w(y) = y**2 - 24*y - 2. Calculate w(24).
-2
Let v(r) = -4*r**2 + 3. Give v(-4).
-61
Let f(j) = -24*j + 493. Calculate f(21).
-11
Let a(y) = -y**2 + 10*y + 3. Calculate a(8).
19
Let c(k) = k**3 - k**2 - 6*k - 41. Calculate c(0).
-41
Let z(q) = -9*q**2 + 6*q + 5. Give z(-2).
-43
Let r(c) = 43*c**2 - c + 1. Give r(1).
43
Let y(k) = k**3 - k**2 - 4*k + 6. Determine y(4).
38
Let k(h) = -h**2 - 7*h + 19. Calculate k(6).
-59
Let q(s) = 2*s + 7. Determine q(-13).
-19
Let s(w) = -w**3 + 8*w**2 + 46*w + 27. Calculate s(12).
3
Let o(f) = f**2 + 13*f + 6. Give o(-13).
6
Let i(n) = n**2 + 14*n + 4. Give i(-14).
4
Let r(q) = -2*q**2 - 53*q - 153. Calculate r(-23).
8
Let x(n) = -10*n - 113. Determine x(-11).
-3
Let j(b) = -b**3 - b**2 - 2*b. What is j(0)?
0
Let v(r) = 9*r**2 - r. Calculate v(1).
8
Let n(c) = 12*c - 281. Calculate n(23).
-5
Let o(w) = -4*w - 6. What is o(-3)?
6
Let f(x) = x**3 + 31*x**2 + 19*x - 317. What is f(-30)?
13
Let p(t) = -t**3 - 4*t**2 + 2*t + 7. What is p(-3)?
-8
Let q(r) = r**3 - 25*r**2 - 2*r + 53. Determine q(25).
3
Let o(r) = r - 4. Give o(1).
-3
Let t(q) = q**3 - 4*q**2 + q - 5. Determine t(3).
-11
Let q(b) = -7*b**2 - b - 1. What is q(-1)?
-7
Let d(w) = -9*w**2 + 19*w + 1. Calculate d(2).
3
Let v(s) = 9*s + 260. Determine v(-29).
-1
Let i(g) = -g**2 - 28*g - 161. Calculate i(-19).
10
Let s(l) = l**2 + 16*l - 133. What is s(-22)?
-1
Let j(u) = 2*u + 16. Give j(-11).
-6
Let i(a) = -a**2 + 4*a - 3. What is i(3)?
0
Let n(t) = t**3 + t**2 + t - 4. Give n(-4).
-56
Let v(r) = r**2 - 14*r + 1. Give v(6).
-47
Let l(s) = 2*s**2 + 47*s + 137. What is l(-20)?
-3
Let w(q) = -9*q**2 + q. Give w(-1).
-10
Let r(v) = -3*v**3 + 2*v**2 - 4*v + 3. What is r(2)?
-21
Let k(y) = -3*y**2 + 19*y - 10. Calculate k(6).
-4
Let t(g) = g**2 - g - 9. Give t(-4).
11
Let v(j) = j**2 - j - 4. Determine v(5).
16
Let t(i) = 2*i**3 + 3*i**2 - i - 2. Determine t(2).
24
Let l(k) = -k**3 - 23*k**2 + k + 28. Determine l(-23).
5
Let q(j) = 26*j**2 - 3*j. Determine q(1).
23
Let s(j) = 43*j + 171. Determine s(-4).
-1
Let p(n) = -2*n**2 - 12*n + 17. Calculate p(-7).
3
Let o(g) = -39*g**3 + g**2 + g. Give o(1).
-37
Let m(w) = -w**2 - 28*w - 119. Calculate m(-23).
-4
Let k(w) = 13*w + 41. Calculate k(-7).
-50
Let v(g) = -28*g. What is v(-1)?
28
Let d(l) = -2*l**3 + 3*l**2 - 2*l + 3. Calculate d(3).
-30
Let j(p) = -p**3 + 3*p**2 + 2. What is j(2)?
6
Let b(l) = -3*l**3 + 2*l**2 + 2*l + 1. Calculate b(-1).
4
Let n(l) = -93*l + 1394. Determine n(15).
-1
Let j(t) = 12*t**2 + 2*t + 2. Give j(-4).
186
Let o(k) = k**3 + 10*k**2 - 24*k + 14. Calculate o(-12).
14
Let o(m) = m + 21. Give o(0).
21
Let c(m) = m**2 - 12*m + 4. Give c(12).
4
Let v(t) = -2*t + 9. Determine v(-6).
21
Let c(y) = -4*y + 84. Determine c(19).
8
Let n(t) = 13*t**2 - 4*t - 1. Determine n(3).
104
Let o(c) = -c - 4. Determine o(-7).
3
Let a(x) = x**3 + 22*x**2 + 42*x + 440. Determine a(-21).
-1
Let o(d) = d**3 + 4*d**2 - 14*d - 54. Calculate o(-4).
2
Let y(h) = -h**3 - 12*h**2 - 40*h - 21. What is y(-6)?
3
Let z(x) = x**3 + 19*x**2 - 20*x + 2. Calculate z(-20).
2
Let a(t) = 2*t**2 + 9*t - 12. Give a(6).
114
Let d(g) = -16*g**2 - g - 7. Calculate d(3).
-154
Let y(v) = -v**3 - 7*v**2 - 12*v - 11. Calculate y(-6).
25
Let n(b) = 8*b + 115. Give n(0).
115
Let n(p) = p**3 - 5*p**2 - 10*p - 12. What is n(7)?
16
Let b(i) = 2*i**2 - 2*i - 24. Give b(4).
0
Let q(o) = o**2 - 6*o + 5. Determine q(9).
32
Let g(j) = -2*j**2 - 31*j + 328. Give g(7).
13
Let i(u) = -u**3 + 6*u**2 - 5*u. What is i(4)?
12
Let h(i) = 3*i**2 + 7*i - 11. What is h(-5)?
29
Let s(h) = -h**2 - 2*h - 18. Determine s(-3).
-21
Let f(m) = m**2 + 13*m - 3. Determine f(-7).
-45
Let y(z) = z + 8. What is y(-13)?
-5
Let b(i) = i**3 - 7*i**2 - 3*i + 19. Determine b(8).
59
Let j(l) = -23*l + 289. Determine j(14).
-33
Let i(v) = 17*v**2 + 2*v - 7. Calculate i(3).
152
Let h(r) = -r**3 - 12*r**2 - 7*r + 15. Determine h(-11).
-29
Let t(a) = -10*a - 4. What is t(-3)?
26
Let s(i) = -2*i - 34. Give s(-6).
-22
Let k(n) = -14*n - 2. What is k(-3)?
40
Let n(b) = -b**3 + 3*b**2 + 6*b. What is n(5)?
-20
Let i(h) = h**2 + 14*h + 14. What is i(-12)?
-10
Let c(s) = 5*s + 16. Give c(-3).
1
Let w(s) = -s**3 - 6*s**2 - 2*s - 11. Give w(-6).
1
Let b(f) = 2*f + 6. Calculate b(-7).
-8
Let z(y) = y**2 + y + 7. Determine z(0).
7
Let m(z) = z**2 + 9*z + 27. Calculate m(-8).
19
Let s(m) = -m**2 + 22*m - 4. What is s(20)?
36
Let m(i) = 6*i + 22. Give m(-4).
-2
Let r(q) = -2*q**2 + 4*q + 16. Determine r(5).
-14
Let d(n) = 11*n - 98. What is d(8)?
-10
Let w(y) = 10*y - 83. What is w(8)?
-3
Let p(g) = -11*g**2 + 63*g - 37. Give p(5).
3
Let o(j) = -2*j**3 - 47*j**2 + 23*j + 3. What is o(-24)?
27
Let w(j) = -j**3 - 30*j**2 - 26*j + 81. Give w(-29).
-6
Let j(b) = 4*b**3 - 214*b**2 + 103*b + 153. Determine j(53).
-6
Let a(m) = -2*m**2 - 18*m - 5. Determine a(-8).
11
Let d(l) = 50*l - 56. Determine d(2).
44
Let v(d) = -36*d**2 - d. What is v(1)?
-37
Let m(t) = t**3 + 2*t**2 - 7*t - 11. Calculate m(-3).
1
Let a(n) = -15*n + 3. Give a(-1).
18
Let m(s) = 7*s**3 - 4*s**2 - s + 4. Determine m(3).
154
Let t(n) = -25*n - 307. Give t(-12).
-7
Let t(o) = -o**3 - 17*o**2 + 2*o + 14. Give t(-17).
-20
Let q(p) = -p**3 - 6*p**2 + 2*p + 1. What is q(-6)?
-11
Let v(z) = 11*z + 25. Calculate v(6).
91
Let o(c) = -c**2 + 11*c - 14. What is o(10)?
-4
Let i(k) = 13*k**2 + k - 1. What is i(-2)?
49
Let p(y) = -2*y**3 + 20*y**2 + 2*y - 17. Give p(10).
3
Let h(t) = t**3 - t**2 - 2*t + 1. What is h(3)?
13
Let z(c) = c**2 - 54*c + 626. Give z(37).
-3
Let h(m) = -m**2 - 2*m + 71. What is h(0)?
71
Let h(p) = 4*p**3 + 4*p + 3. Calculate h(-1).
-5
Let s(q) = q**2 + 8*q + 1. What is s(-8)?
1
Let m(p) = -2*p**3 + 2*p**2 - 2*p + 1. Give m(1).
-1
Let h(x) = x**3 - 14*x**2 - 56*x + 1. Calculate h(17).
-84
Let q(k) = k**3 + 6*k**2 - 6*k + 10. Determine q(-7).
3
Let d(n) = -2*n**3 - n**2 - 12*n + 16. Determine d(3).
-83
Let y(r) = r**2 + 19*r + 16. Give y(-14).
-54
Let r(x) = -x**3 - 6*x**2 - 2*x - 11. Give r(-6).
1
Let x(d) = d**2 - 20*d - 49. What is x(24)?
47
Let g(l) = -l**3 + 8*l**2 - 33*l + 189. Determine g(7).
7
Let t(u) = -u**3 + 5*u**2 - 2*u + 4. Give t(0).
4
Let a(w) = -16*w + 17. What is a(11)?
-159
Let a(c) = c**3 + 9*c**2 - 3*c - 19. Give a(-9).
8
Let q(a) = -7*a**3 - a**2 + 5*a + 5. Calculate q(-1).
6
Let i(t) = -25*t - 23. Give i(-5).
102
Let q(r) = r**2 + 3*r + 1. What is q(-5)?
11
Let m(w) = -3*w**2 + 21*w - 7. Calculate 